me factors of 583865632.
2, 7, 89, 29287
List the prime factors of 166417007.
241, 457, 1511
List the prime factors of 6815884725.
3, 5, 13, 19, 13627
List the prime factors of 31285505.
5, 6257101
What are the prime factors of 2515281105?
3, 5, 557, 301051
What are the prime factors of 54392280?
2, 3, 5, 453269
What are the prime factors of 426411424?
2, 13325357
What are the prime factors of 337500626?
2, 17, 9926489
What are the prime factors of 322553105?
5, 7, 43, 107, 2003
What are the prime factors of 439300700?
2, 5, 29, 151483
What are the prime factors of 49553603?
11, 4504873
List the prime factors of 290453649.
3, 96817883
What are the prime factors of 872395364?
2, 409, 533249
What are the prime factors of 1168956264?
2, 3, 7, 6958073
List the prime factors of 32397258.
2, 3, 5399543
What are the prime factors of 1356054571?
1356054571
List the prime factors of 36085716.
2, 3, 334127
What are the prime factors of 95480593?
13, 113, 64997
What are the prime factors of 370929461?
7, 773, 1399
What are the prime factors of 3196165662?
2, 3, 43, 1376471
List the prime factors of 115654642.
2, 1721, 33601
List the prime factors of 57525069.
3, 7, 491, 797
What are the prime factors of 3765862247?
7, 537980321
What are the prime factors of 5594485?
5, 13, 86069
List the prime factors of 267767545.
5, 83, 151, 4273
List the prime factors of 3987778530.
2, 3, 5, 132925951
List the prime factors of 24253424.
2, 13, 17, 19
List the prime factors of 1306554975.
3, 5, 11, 17, 941
List the prime factors of 2017091748.
2, 3, 7, 163, 147319
What are the prime factors of 200601256?
2, 3769, 6653
What are the prime factors of 225152490?
2, 3, 5, 859, 8737
What are the prime factors of 2560227278?
2, 7, 182873377
List the prime factors of 7045915.
5, 443, 3181
What are the prime factors of 340621087?
31, 10987777
List the prime factors of 52231081.
7, 1319, 5657
List the prime factors of 79412510.
2, 5, 577, 13763
List the prime factors of 56773273.
19, 2988067
List the prime factors of 20918987.
173, 120919
List the prime factors of 2056338677.
37, 55576721
List the prime factors of 794935844.
2, 17, 23, 508271
What are the prime factors of 1657505358?
2, 3, 53, 1737427
List the prime factors of 1319710276.
2, 113, 1399, 2087
What are the prime factors of 6256673372?
2, 1564168343
List the prime factors of 48084347.
17, 2828491
List the prime factors of 47198838.
2, 3, 7866473
List the prime factors of 824632771.
824632771
What are the prime factors of 511292581?
511292581
List the prime factors of 202870934.
2, 7, 113, 128237
What are the prime factors of 244530620?
2, 5, 911, 13421
List the prime factors of 93618421.
13, 1013, 7109
What are the prime factors of 7548452573?
6637, 1137329
What are the prime factors of 24282317?
1879, 12923
What are the prime factors of 126288493?
3373, 37441
What are the prime factors of 3018969718?
2, 17, 307243
What are the prime factors of 1335244806?
2, 3, 7, 23, 9403
List the prime factors of 409898968.
2, 17, 3013963
List the prime factors of 218917603.
218917603
What are the prime factors of 419821977?
3, 1283, 109073
List the prime factors of 19148717.
7, 43, 63617
What are the prime factors of 92450003?
92450003
What are the prime factors of 49724886?
2, 3, 8287481
List the prime factors of 729499237.
729499237
What are the prime factors of 1323327393?
3, 147036377
List the prime factors of 59038404.
2, 3, 4919867
List the prime factors of 139757793.
3, 7, 6655133
List the prime factors of 99734847.
3, 211, 157559
What are the prime factors of 4613058801?
3, 13, 2999, 13147
List the prime factors of 6217163.
1811, 3433
What are the prime factors of 119869354?
2, 11, 29, 187883
List the prime factors of 416011568.
2, 7, 31, 17117
List the prime factors of 33875545.
5, 11, 615919
What are the prime factors of 170961332?
2, 42740333
What are the prime factors of 127024777?
11, 83, 373
List the prime factors of 54558352.
2, 47, 72551
What are the prime factors of 1020579812?
2, 7, 36449279
What are the prime factors of 120036521?
11, 43, 253777
List the prime factors of 278128371.
3, 37, 71, 35291
List the prime factors of 249531931.
11, 22684721
What are the prime factors of 2610868524?
2, 3, 11, 19779307
List the prime factors of 29351516.
2, 7337879
List the prime factors of 1675643777.
17, 2549, 38669
List the prime factors of 9697382.
2, 1381, 3511
What are the prime factors of 69758643?
3, 431, 53951
What are the prime factors of 46279109?
101, 191, 2399
List the prime factors of 1396507642.
2, 41, 97, 175573
List the prime factors of 3941444615.
5, 19501, 40423
What are the prime factors of 69157957?
11, 61, 103067
What are the prime factors of 23300730?
2, 3, 5, 211, 409
List the prime factors of 797875864.
2, 1747, 57089
List the prime factors of 1148273241.
3, 29, 13198543
List the prime factors of 678780400.
2, 5, 1696951
What are the prime factors of 9768856?
2, 47, 25981
List the prime factors of 35423027.
53, 193, 3463
List the prime factors of 39024192.
2, 3, 23, 8837
List the prime factors of 209439778.
2, 104719889
What are the prime factors of 102418455?
3, 5, 17, 19, 21139
What are the prime factors of 630892985?
5, 47, 2684651
What are the prime factors of 910372324?
2, 227593081
List the prime factors of 281605579.
281605579
What are the prime factors of 110147939?
11, 53, 188933
List the prime factors of 205363763.
11, 18669433
What are the prime factors of 3589710?
2, 3, 5, 119657
List the prime factors of 71250808.
2, 17, 523903
What are the prime factors of 638583284?
2, 167, 955963
List the prime factors of 149268296.
2, 17, 347, 3163
List the prime factors of 287572356.
2, 3, 887569
List the prime factors of 48606262.
2, 29, 838039
What are the prime factors of 75155343?
3, 25051781
List the prime factors of 648616789.
648616789
List the prime factors of 5137349926.
2, 2568674963
List the prime factors of 65500699.
11, 5954609
List the prime factors of 371559372.
2, 3, 1297, 23873
List the prime factors of 1487172370.
2, 5, 19, 7827223
What are the prime factors of 60221927?
937, 64271
What are the prime factors of 137619299?
19, 131, 55291
What are the prime factors of 388593668?
2, 53, 61, 151, 199
List the prime factors of 1477693298.
2, 738846649
List the prime factors of 55592751.
3, 907, 20431
What are the prime factors of 468386415?
3, 5, 7, 495647
What are the prime factors of 302505148?
2, 11, 29, 237073
List the prime factors of 3222088244.
2, 367, 2194883
List the prime factors of 266515850.
2, 5, 19, 47, 127
List the prime factors of 116121917.
17, 23, 296987
List the prime factors of 507322488.
2, 3, 21138437
List the prime factors of 27717323.
23, 1205101
List the prime factors of 387876124.
2, 71, 1365761
What are the prime factors of 2976144510?
2, 3, 5, 53, 1871789
What are the prime factors of 370145955?
3, 5, 24676397
What are the prime factors of 6066539761?
31, 195694831
What are the prime factors of 701617919?
563, 1246213
List the prime factors of 67889679.
3, 11, 13, 19, 8329
List the prime factors of 385669408.
2, 43, 241, 1163
What are the prime factors of 279862190?
2, 5, 27986219
List the prime factors of 430313700.
2, 3, 5, 37, 38767
List the prime factors of 2454325613.
2454325613
List the prime factors of 43590538.
2, 29, 809, 929
What are the prime factors of 934782221?
11987, 77983
What are the prime factors of 1359785215?
5, 12697, 21419
List the prime factors of 4732790092.
2, 1183197523
List the prime factors of 3981872691.
3, 191, 463, 5003
List the prime factors of 26006101.
11, 2364191
List the prime factors of 1024547525.
5, 29, 1413169
What are the prime factors of 27870643?
31, 131, 6863
What are the prime factors of 77631541?
13, 5971657
What are the prime factors of 3867557586?
2, 3, 107, 449, 13417
What are the prime factors of 376702241?
376702241
List the prime factors of 203910972.
2, 3, 157, 108233
List the prime factors of 39332490.
2, 3, 5, 31, 42293
What are the prime factors of 97233713?
97233713
List the prime factors of 555462776.
2, 11, 179, 197
List the prime factors of 50002697.
50002697
What are the prime factors of 34319037?
3, 53, 215843
What are the prime factors of 3962804683?
3962804683
What are the prime factors o